. Let p = x + f. List the prime factors of p.
3, 17
Suppose 5*c + 30 = z, 4*z - c - 31 + 6 = 0. Suppose -42 + 62 = z*t. Suppose -5*y - 329 = 5*d - 934, 5*y + t*d = 608. List the prime factors of y.
2, 31
Let a be ((-4)/1)/(-1) + (-19 - -23). Suppose -a*v = -v - 21. Suppose -2*k - 5*o + v = -0, -4*o + 12 = 4*k. What are the prime factors of k?
2
Suppose 4*a - w - 116354 = 0, -5*a - w - w + 145436 = 0. What are the prime factors of a?
2, 3, 101
Let q(l) = 4*l**2 + 120*l + 119. What are the prime factors of q(-36)?
983
Let c(s) = 9*s**2 + 11*s + 8. Let m be c(-5). What are the prime factors of -2 + -2 - (-3 + (-6 - m))?
3, 61
Let x(v) = 4*v**3 + v**2 - 6*v + 24. Let b be -4 + (-8 - -6) + 11. What are the prime factors of x(b)?
3, 173
Let y(l) = 3*l**2 - 2*l - 32. Let p be y(-11). Let i(z) = -235*z**3 + z**2 + z - 1. Let v be i(1). Let q = p + v. What are the prime factors of q?
7, 17
Let t = 5403 - -9182. List the prime factors of t.
5, 2917
Let f be -2*(510/(-12))/17. Suppose 4*y - 4*s + 1214 = f*y, -2*s - 2468 = -2*y. List the prime factors of y.
2, 3, 5, 41
Let z = -364 + 97. What are the prime factors of z/(-2)*(-31 - -35)?
2, 3, 89
Let c(x) = -x**3 - 6*x**2 - 3*x + 3. Let d be c(-4). Let q = d + 27. Suppose y - r = 87, -2*r + q = -7*r. What are the prime factors of y?
5, 17
Let q(y) = 132*y - 5361. What are the prime factors of q(41)?
3, 17
Let x be (-3 + -3 - -2)*(-9)/(-12). Let k(v) = -44*v**3 - 5*v**2 - 3*v + 9. What are the prime factors of k(x)?
3, 43
Let m be (-2)/2*(-5)/(15/87). Suppose 4 - m = -5*t. Suppose 1 = -x - t*b, -b = -x + 4*x - 39. List the prime factors of x.
2, 7
Let p = -54966 - -90885. What are the prime factors of p?
3, 13, 307
Let p(b) = 34*b + 4. Let r be 270/8 + 21/84. Let n = 36 - r. What are the prime factors of p(n)?
2, 3
Let d(m) = 8*m**2 + 4*m + 24. Suppose -p - 9 = -z, -4*z + 49 = -5*p + 1. Let a be d(p). Suppose 0 = 8*i - 14*i + a. List the prime factors of i.
2, 47
Let c = -2532 + 4074. List the prime factors of c.
2, 3, 257
What are the prime factors of 24/(-9 + -3) + 9459?
7, 193
Let t(i) = i - 10. Let r be t(-5). What are the prime factors of r + 233 + -2*2/4?
7, 31
List the prime factors of 52876 + (21/14 - 42/(-12)).
3, 17627
Suppose 0 = -3*x + 1012 + 215. Let g = 471 + -755. Let q = g + x. What are the prime factors of q?
5
What are the prime factors of (2349/(-1044))/(2 + 72307/(-36152))?
2, 3, 4519
Let i(d) be the second derivative of d**4/6 + 25*d**3/6 - 51*d**2/2 + 70*d. List the prime factors of i(-22).
367
Suppose 4*k = -13*r + 81104 + 154896, 36316 = 2*r + 2*k. List the prime factors of r.
2, 2269
Suppose -25*k - 828 - 672 = 0. List the prime factors of 1524 + k - (-2 - 4/(-1)).
2, 17, 43
Let a be 17/(748/33) + (-3)/4. Suppose a = -2*x + 10, -10*k = -8*k + x - 587. List the prime factors of k.
3, 97
Suppose 0 = -14690*z + 14669*z + 265356. What are the prime factors of z?
2, 3, 13
Let d(f) = f**3 + 25*f**2 - 38*f - 19. Suppose 2 = 2*n, 6*c - 134 = 11*c - 4*n. What are the prime factors of d(c)?
293
Suppose -11*m - 12893 - 835 = 0. Let l = m + 2341. List the prime factors of l.
1093
Let b(i) be the second derivative of -31*i**3 - 30*i**2 - 153*i. What are the prime factors of b(-5)?
2, 3, 5, 29
Let s(y) = -3*y - y + 2 + 6*y - 20*y**2. Let o be s(-2). Let z = o + 129. List the prime factors of z.
47
Let z be 10 - ((-9)/6)/((-4)/8). Let g = z - 2. Suppose 3*y + g*s = 374, y - 2*y + s + 114 = 0. List the prime factors of y.
2, 59
Let z(v) = 10*v - 15. Let y be z(-26). Let l = -262 - y. List the prime factors of l.
13
Let p(o) be the first derivative of -o**4/4 + 9*o**2/2 - 4*o - 4. Let z = 74 - 79. What are the prime factors of p(z)?
2, 19
Let y(l) be the third derivative of -l**6/120 - 29*l**5/60 - 25*l**4/12 + 7*l**3 - 30*l**2 + 5. List the prime factors of y(-29).
2, 373
Let m(o) = -5*o**3 + 9*o**2 + 12*o + 49. Suppose -c = -5*y - 35, 6*y - 2*y = -5*c + 1. What are the prime factors of m(y)?
1381
Let j(f) = -f**2 - 7*f + 5. Let k be j(-7). Suppose -4*u = -k*x - 677 - 589, 1274 = 4*u - x. What are the prime factors of u?
11, 29
Let x(h) be the second derivative of -20*h**3 - 21*h. Let v(m) = -m. Let o(y) = 2*v(y) + x(y). List the prime factors of o(-1).
2, 61
Let m(x) be the second derivative of 75*x**4/2 + x**3/3 - 3*x**2/2 - 2*x + 42. List the prime factors of m(-2).
11, 163
List the prime factors of -838*(-10 + 9/(63/(-259))).
2, 47, 419
Let f be (-7)/7 + (-2 - -1) + 497. Suppose 0 = -f*c + 492*c + 48. What are the prime factors of c?
2
Suppose 132*g - 3543586 = 356486. List the prime factors of g.
2, 11, 17, 79
Suppose 0 = -13*k + 3*k + 300. Let z = k - 32. Let l(c) = 32*c**2 - c - 5. What are the prime factors of l(z)?
5
Let w = -386 - -390. Suppose 3*b + 4*p - 404 = -19, -w*b + 550 = -2*p. List the prime factors of b.
3, 5
Let u(r) = -76*r + 1. Let m be u(-1). Let c = m - 125. List the prime factors of (c/(-28))/((-1)/(-42)).
2, 3
Let o(g) = 16*g**3 + 2*g**2 - 2*g + 12. Let y be o(4). Suppose 0*h = -4*h + y. List the prime factors of h.
5, 53
Let h(n) = n**2 - 4*n + 2. Let p be (-8 - -11)/(18/(-84)). What are the prime factors of h(p)?
2, 127
Let c be ((-234)/(-27) - 8)/(4/1878). Let f = 272 + c. What are the prime factors of f?
3, 5, 13
What are the prime factors of (-12)/(-30)*(-10)/6*41929164/(-648)?
3, 4793
Let z(x) = -5*x**2 + 465*x + 330. What are the prime factors of z(64)?
2, 5, 31
Let a = 1 + 1. Suppose -a*u = -u - 16. Suppose u*b - 280 = 12*b. What are the prime factors of b?
2, 5, 7
Suppose 5*m = o + 2*o + 2503, m - 505 = 5*o. Suppose -m = -8*g + 4*g. Suppose 4*j - 67 - g = 0. List the prime factors of j.
2, 3
Suppose 0*h - 4*h = 4*k - 20, 4*k = 2*h + 2. Suppose 2*n - 3*x = 136, 3*x - 2*x = k*n - 132. What are the prime factors of n?
5, 13
Let o(h) = -1427*h + 53765. What are the prime factors of o(0)?
5, 10753
Let o(s) = 3*s - 5. Let r be o(6). Suppose r = 19*v - 3027. List the prime factors of v.
2, 5
Suppose 2*d - o = 5, -10 = -2*d - d - o. Suppose 5*g = -d*a + 2017, 3*g = -0*g - 2*a + 1210. List the prime factors of g.
2, 101
Suppose -168*i = 22*i + 43*i - 945514. What are the prime factors of i?
2, 2029
Suppose -3*f + 6*f = 1488. Suppose 26*v - 22*v = f. Suppose -62 = -2*h + v. List the prime factors of h.
3, 31
Let c be (-1)/10 + 27354/(-60). What are the prime factors of -35*(c/(-90))/((-1)/6)?
2, 7, 19
Let h(d) = 37*d**2 + 14*d - 682. List the prime factors of h(22).
2, 11, 797
Let k = 29 - 25. Suppose -k*m + 1933 = -1291. List the prime factors of m.
2, 13, 31
Suppose -4530 = -182*c + 185*c. Let k = -461 - c. List the prime factors of k.
1049
Let p(s) = -7*s**2 + 6*s**2 - 6 + 11*s**2 - 22 - 6*s + 14*s**2. List the prime factors of p(-5).
2, 7, 43
Let u(i) = i + 4. Let g be u(-2). Suppose -3*n - 4*r = -369 - g, -2*r - 502 = -4*n. List the prime factors of n.
5
Let s = -4330 + 6074. Suppose -4*n - 18*h + 15*h = -s, h = 4*n - 1728. What are the prime factors of n?
433
Let a be (-396)/(-231) + (1 - 10/14). Suppose -5490 = -3*g - a*o - 1205, 3*g - 4*o - 4291 = 0. List the prime factors of g.
1429
Let u(w) = 2*w + 53*w**2 - 13*w**2 + 3*w + 65*w**2 + 40*w**2. List the prime factors of u(-2).
2, 3, 5, 19
Let t(f) = 130*f - 1022. What are the prime factors of t(26)?
2, 3, 131
Suppose 18*i - 25172 + 3803 = 28761. What are the prime factors of i?
5, 557
Let o(z) = -z**3 - 31*z**2 - 24*z + 65. Suppose 2*t + 4*t = -180. Let l be o(t). Let g = l + 161. List the prime factors of g.
2, 23
Let u(q) = -q**3 - 15*q**2 + 5*q - 56. Let i be u(-22). List the prime factors of (-6 - 52/(-8))*(-4 + i).
1609
What are the prime factors of 4/11 + -29 + 1497984/352?
3, 1409
Let h be 198/(-66)*(4/(-3))/(-2). Let j(m) = 112*m**2 + 3*m + 7. List the prime factors of j(h).
449
Let r be (-24)/9*5/(100/2385). Let g = 627 + r. Suppose 2*k = -v + 172, 539 = 5*v - 2*k - g. List the prime factors of v.
2, 5, 17
Let r(a) = a**2 - 354*a + 3. What are the prime factors of r(-9)?
2, 3, 5, 109
Suppose 339760 = 4*r + 5*g, -339744 = 169*r - 173*r - g. List the prime factors of r.
5, 16987
Suppose 15*y + 185848 = -151742. What are the prime factors of y/(-110) - 1/5*-2?
5, 41
Suppose 0 = 60*s - 85*s + 50. Suppose -x + 5*h = -1262, -x = -2*x + s*h + 1262. List the prime factors of x.
2, 631
Let x(p) = 4*p**2 + 64*p